{"id":396,"date":"2020-11-27T14:47:20","date_gmt":"2020-11-27T13:47:20","guid":{"rendered":"https:\/\/sim-b.fr\/?page_id=396"},"modified":"2020-11-27T16:37:28","modified_gmt":"2020-11-27T15:37:28","slug":"materiels","status":"publish","type":"page","link":"https:\/\/sim-b.fr\/index.php\/materiels\/","title":{"rendered":"Mat\u00e9riels"},"content":{"rendered":"\n<h2>Outils de <span class=\"has-inline-color has-luminous-vivid-orange-color\">conception<\/span><\/h2>\n\n\n\n<p style=\"font-size:18px\"><strong>Logiciel de conception et dimensionnement d\u2019installation<\/strong><\/p>\n\n\n\n<ul><li>De Climatisation<\/li><li>De Plomberie <\/li><li>De Fluides m\u00e9dicaux<\/li><li>Logiciel de dessins <span class=\"has-inline-color has-luminous-vivid-orange-color\">Autocad \u2013 Revit<\/span><\/li><li>Logiciel de conception : <span class=\"has-inline-color has-luminous-vivid-orange-color\">MAGICAD<\/span><\/li><li>logiciel de calcul de charges : <span class=\"has-inline-color has-luminous-vivid-orange-color\">Pleiade<\/span><\/li><li>Outils informatique : <span class=\"has-inline-color has-luminous-vivid-orange-color\">Office<\/span><\/li><li>Logiciel de MOE : <span class=\"has-inline-color has-luminous-vivid-orange-color\">Devisoc<\/span><\/li><\/ul>\n\n\n\n<p style=\"font-size:18px\"><strong>Logiciel d\u2019optimisation d\u2019\u00e9nergie et de supervision (<span class=\"has-inline-color has-luminous-vivid-orange-color\">AMDE<\/span>)<\/strong><\/p>\n\n\n\n<p style=\"font-size:18px\">Des outils logiciels de calculs (\u00e9labor\u00e9 en interne) permettant de le co\u00fbt global d\u2019un syst\u00e8me de climatisation par rapport \u00e0 un autre.<\/p>\n\n\n\n<p style=\"font-size:18px\">Outils de suivi op\u00e9rationnel des chantiers<\/p>\n\n\n\n<h2>Outils <span class=\"has-inline-color has-luminous-vivid-orange-color\">bureautiques<\/span><\/h2>\n\n\n\n<p style=\"font-size:18px\">2 PC de bureau, 2 PC portables, 2 tablettes<\/p>\n\n\n\n<p style=\"font-size:18px\">1 Traceur de plans grands formats<\/p>\n\n\n\n<p style=\"font-size:18px\"><strong><em><span class=\"has-inline-color has-luminous-vivid-orange-color\">Serveurs<\/span><\/em><\/strong> avec un cloud s\u00e9curis\u00e9 internes \/ Imprimante couleur A3 et A4.<\/p>\n\n\n\n<hr class=\"wp-block-separator\"\/>\n\n\n\n<h2>Outils d\u2019<span class=\"has-inline-color has-luminous-vivid-orange-color\">expertises<\/span> et d\u2019<span class=\"has-inline-color has-luminous-vivid-orange-color\">audit \u00e9nergetique<\/span><\/h2>\n\n\n\n<div class=\"wp-block-columns\">\n<div class=\"wp-block-column\">\n<div class=\"wp-block-image\"><figure class=\"aligncenter size-large\"><img loading=\"lazy\" width=\"283\" height=\"359\" src=\"https:\/\/sim-b.fr\/wp-content\/uploads\/2020\/11\/Image19.png\" alt=\"\" class=\"wp-image-407\" srcset=\"https:\/\/sim-b.fr\/wp-content\/uploads\/2020\/11\/Image19.png 283w, https:\/\/sim-b.fr\/wp-content\/uploads\/2020\/11\/Image19-236x300.png 236w\" sizes=\"(max-width: 283px) 100vw, 283px\" \/><figcaption><strong><span class=\"has-inline-color has-luminous-vivid-orange-color\">Testo 405 i &#8211; thermo-an\u00e9mom\u00e8tre avec commande Smartphone<\/span><\/strong><\/figcaption><\/figure><\/div>\n<\/div>\n\n\n\n<div class=\"wp-block-column\">\n<div class=\"wp-block-image\"><figure class=\"aligncenter size-large\"><img loading=\"lazy\" width=\"289\" height=\"357\" src=\"https:\/\/sim-b.fr\/wp-content\/uploads\/2020\/11\/Image20.png\" alt=\"\" class=\"wp-image-408\" srcset=\"https:\/\/sim-b.fr\/wp-content\/uploads\/2020\/11\/Image20.png 289w, https:\/\/sim-b.fr\/wp-content\/uploads\/2020\/11\/Image20-243x300.png 243w\" sizes=\"(max-width: 289px) 100vw, 289px\" \/><figcaption><strong>Testo 410 i &#8211; an\u00e9mom\u00e8tre \u00e0 h\u00e9lice avec commande Smartphone<\/strong><\/figcaption><\/figure><\/div>\n<\/div>\n\n\n\n<div class=\"wp-block-column\">\n<div class=\"wp-block-image\"><figure class=\"aligncenter size-large is-resized\"><img loading=\"lazy\" src=\"https:\/\/sim-b.fr\/wp-content\/uploads\/2020\/11\/Image21.png\" alt=\"\" class=\"wp-image-409\" width=\"207\" height=\"348\" srcset=\"https:\/\/sim-b.fr\/wp-content\/uploads\/2020\/11\/Image21.png 215w, https:\/\/sim-b.fr\/wp-content\/uploads\/2020\/11\/Image21-178x300.png 178w\" sizes=\"(max-width: 207px) 100vw, 207px\" \/><figcaption><strong><span class=\"has-inline-color has-luminous-vivid-orange-color\">Testo 605 i &#8211; thermo-hygrom\u00e8tre avec commande Smartphone<\/span><\/strong><\/figcaption><\/figure><\/div>\n<\/div>\n<\/div>\n\n\n\n<hr class=\"wp-block-separator\"\/>\n\n\n\n<div class=\"wp-block-columns\">\n<div class=\"wp-block-column\">\n<div class=\"wp-block-image\"><figure class=\"aligncenter size-large\"><img loading=\"lazy\" width=\"243\" height=\"359\" src=\"https:\/\/sim-b.fr\/wp-content\/uploads\/2020\/11\/Image22.png\" alt=\"\" class=\"wp-image-416\" srcset=\"https:\/\/sim-b.fr\/wp-content\/uploads\/2020\/11\/Image22.png 243w, https:\/\/sim-b.fr\/wp-content\/uploads\/2020\/11\/Image22-203x300.png 203w\" sizes=\"(max-width: 243px) 100vw, 243px\" \/><figcaption><strong>Testo 805 i &#8211; thermom\u00e8tre infrarouge avec commande Smartphone<\/strong><\/figcaption><\/figure><\/div>\n<\/div>\n\n\n\n<div class=\"wp-block-column\">\n<div class=\"wp-block-image\"><figure class=\"aligncenter size-large\"><img loading=\"lazy\" width=\"356\" height=\"357\" src=\"https:\/\/sim-b.fr\/wp-content\/uploads\/2020\/11\/Image23.jpg\" alt=\"\" class=\"wp-image-417\" srcset=\"https:\/\/sim-b.fr\/wp-content\/uploads\/2020\/11\/Image23.jpg 356w, https:\/\/sim-b.fr\/wp-content\/uploads\/2020\/11\/Image23-300x300.jpg 300w, https:\/\/sim-b.fr\/wp-content\/uploads\/2020\/11\/Image23-150x150.jpg 150w\" sizes=\"(max-width: 356px) 100vw, 356px\" \/><figcaption><strong><span class=\"has-inline-color has-luminous-vivid-orange-color\">Bosch Professional T\u00e9l\u00e9m\u00e8tre Laser GLM 50 C<\/span><\/strong><\/figcaption><\/figure><\/div>\n<\/div>\n\n\n\n<div class=\"wp-block-column\">\n<div class=\"wp-block-image\"><figure class=\"aligncenter size-large\"><img loading=\"lazy\" width=\"144\" height=\"346\" src=\"https:\/\/sim-b.fr\/wp-content\/uploads\/2020\/11\/Image24.png\" alt=\"\" class=\"wp-image-418\" srcset=\"https:\/\/sim-b.fr\/wp-content\/uploads\/2020\/11\/Image24.png 144w, https:\/\/sim-b.fr\/wp-content\/uploads\/2020\/11\/Image24-125x300.png 125w\" sizes=\"(max-width: 144px) 100vw, 144px\" \/><figcaption><strong>Testo 905 i &#8211; Thermom\u00e8tre d&rsquo;ambiance portable avec commande Smartphone<\/strong><\/figcaption><\/figure><\/div>\n<\/div>\n<\/div>\n\n\n\n<hr class=\"wp-block-separator\"\/>\n\n\n\n<div class=\"wp-block-columns\">\n<div class=\"wp-block-column\">\n<figure class=\"wp-block-image size-large\"><img loading=\"lazy\" width=\"218\" height=\"290\" src=\"https:\/\/sim-b.fr\/wp-content\/uploads\/2020\/11\/Image25.jpg\" alt=\"\" class=\"wp-image-420\"\/><figcaption><strong><span class=\"has-inline-color has-luminous-vivid-orange-color\">PORTAFLOW 330 <\/span><span class=\"has-inline-color has-black-color\">D\u00e9bitm\u00e8tre \u00e0 Ultrasons Portable<\/span><\/strong><\/figcaption><\/figure>\n<\/div>\n\n\n\n<div class=\"wp-block-column\">\n<div class=\"wp-block-image\"><figure class=\"alignright size-large\"><img loading=\"lazy\" width=\"285\" height=\"283\" src=\"https:\/\/sim-b.fr\/wp-content\/uploads\/2020\/11\/Image26.png\" alt=\"\" class=\"wp-image-421\" srcset=\"https:\/\/sim-b.fr\/wp-content\/uploads\/2020\/11\/Image26.png 285w, https:\/\/sim-b.fr\/wp-content\/uploads\/2020\/11\/Image26-150x150.png 150w\" sizes=\"(max-width: 285px) 100vw, 285px\" \/><figcaption><strong>Lampe Frontale Super Puissante Avec 5 <span class=\"has-inline-color has-luminous-vivid-orange-color\">LED CREE XM-L T6<\/span>, Lampe Phare de 8000lm<\/strong><\/figcaption><\/figure><\/div>\n<\/div>\n<\/div>\n\n\n\n<hr class=\"wp-block-separator\"\/>\n\n\n\n<div class=\"wp-block-columns\">\n<div class=\"wp-block-column\">\n<div class=\"wp-block-image\"><figure class=\"aligncenter size-large\"><img loading=\"lazy\" width=\"278\" height=\"297\" src=\"https:\/\/sim-b.fr\/wp-content\/uploads\/2020\/11\/Image26.jpg\" alt=\"\" class=\"wp-image-427\"\/><figcaption><strong><span class=\"has-inline-color has-luminous-vivid-orange-color\">MULTIM\u00c8TRE DIGITAL\u00a034XR<\/span><\/strong><\/figcaption><\/figure><\/div>\n<\/div>\n\n\n\n<div class=\"wp-block-column\">\n<div class=\"wp-block-image\"><figure class=\"aligncenter size-large\"><img loading=\"lazy\" width=\"294\" height=\"315\" src=\"https:\/\/sim-b.fr\/wp-content\/uploads\/2020\/11\/Image27.jpg\" alt=\"\" class=\"wp-image-428\" srcset=\"https:\/\/sim-b.fr\/wp-content\/uploads\/2020\/11\/Image27.jpg 294w, https:\/\/sim-b.fr\/wp-content\/uploads\/2020\/11\/Image27-280x300.jpg 280w\" sizes=\"(max-width: 294px) 100vw, 294px\" \/><figcaption><strong>Enregistreur &#8211; Temp\u00e9rature \/ Courant \/ Tension \/ Impulsion\u00a0<\/strong><\/figcaption><\/figure><\/div>\n<\/div>\n\n\n\n<div class=\"wp-block-column\">\n<div class=\"wp-block-image\"><figure class=\"aligncenter size-large\"><img loading=\"lazy\" width=\"282\" height=\"301\" src=\"https:\/\/sim-b.fr\/wp-content\/uploads\/2020\/11\/Image27.png\" alt=\"\" class=\"wp-image-429\"\/><figcaption><strong><span class=\"has-inline-color has-luminous-vivid-orange-color\">Temp\u00e9rature \/ Humidit\u00e9 \/ Lumi\u00e8re<\/span><\/strong><\/figcaption><\/figure><\/div>\n<\/div>\n<\/div>\n\n\n\n<div class=\"wp-block-image\"><figure class=\"aligncenter size-large\"><img loading=\"lazy\" width=\"668\" height=\"381\" src=\"https:\/\/sim-b.fr\/wp-content\/uploads\/2020\/11\/Image28.jpg\" alt=\"\" class=\"wp-image-431\" srcset=\"https:\/\/sim-b.fr\/wp-content\/uploads\/2020\/11\/Image28.jpg 668w, https:\/\/sim-b.fr\/wp-content\/uploads\/2020\/11\/Image28-300x171.jpg 300w\" sizes=\"(max-width: 668px) 100vw, 668px\" \/><figcaption><span class=\"has-inline-color has-black-color\"><strong>Equipement de Protection Individuel (EPI)<\/strong><\/span><\/figcaption><\/figure><\/div>\n\n\n\n<p><\/p>\n","protected":false},"excerpt":{"rendered":"<p>Outils de conception Logiciel de conception et dimensionnement d\u2019installation De Climatisation De Plomberie De Fluides m\u00e9dicaux Logiciel de dessins Autocad \u2013 Revit Logiciel de conception : MAGICAD logiciel de calcul de charges : Pleiade Outils informatique : Office Logiciel de MOE : Devisoc Logiciel d\u2019optimisation d\u2019\u00e9nergie et de supervision (AMDE) Des outils logiciels de calculs [&hellip;]<\/p>\n","protected":false},"author":1,"featured_media":0,"parent":0,"menu_order":0,"comment_status":"closed","ping_status":"closed","template":"","meta":[],"yoast_head":"<!-- This site is optimized with the Yoast SEO plugin v15.9 - https:\/\/yoast.com\/wordpress\/plugins\/seo\/ -->\n<title>Mat\u00e9riels - SIM-B<\/title>\n<meta name=\"robots\" content=\"index, follow, max-snippet:-1, max-image-preview:large, max-video-preview:-1\" \/>\n<link rel=\"canonical\" href=\"https:\/\/sim-b.fr\/index.php\/materiels\/\" \/>\n<meta property=\"og:locale\" content=\"fr_FR\" \/>\n<meta property=\"og:type\" content=\"article\" \/>\n<meta property=\"og:title\" content=\"Mat\u00e9riels - SIM-B\" \/>\n<meta property=\"og:description\" content=\"Outils de conception Logiciel de conception et dimensionnement d\u2019installation De Climatisation De Plomberie De Fluides m\u00e9dicaux Logiciel de dessins Autocad \u2013 Revit Logiciel de conception : MAGICAD logiciel de calcul de charges : Pleiade Outils informatique : Office Logiciel de MOE : Devisoc Logiciel d\u2019optimisation d\u2019\u00e9nergie et de supervision (AMDE) Des outils logiciels de calculs [&hellip;]\" \/>\n<meta property=\"og:url\" content=\"https:\/\/sim-b.fr\/index.php\/materiels\/\" \/>\n<meta property=\"og:site_name\" content=\"SIM-B\" \/>\n<meta property=\"article:modified_time\" content=\"2020-11-27T15:37:28+00:00\" \/>\n<meta property=\"og:image\" content=\"https:\/\/sim-b.fr\/wp-content\/uploads\/2020\/11\/Image19.png\" \/>\n<meta name=\"twitter:card\" content=\"summary_large_image\" \/>\n<meta name=\"twitter:label1\" content=\"Dur\u00e9e de lecture est.\">\n\t<meta name=\"twitter:data1\" content=\"1 minute\">\n<script type=\"application\/ld+json\" class=\"yoast-schema-graph\">{\"@context\":\"https:\/\/schema.org\",\"@graph\":[{\"@type\":\"WebSite\",\"@id\":\"https:\/\/sim-b.fr\/#website\",\"url\":\"https:\/\/sim-b.fr\/\",\"name\":\"SIM-B\",\"description\":\"Ing\\u00e9nierie - Bureau d Etudes Techniques Fluides\",\"potentialAction\":[{\"@type\":\"SearchAction\",\"target\":\"https:\/\/sim-b.fr\/?s={search_term_string}\",\"query-input\":\"required name=search_term_string\"}],\"inLanguage\":\"fr-FR\"},{\"@type\":\"ImageObject\",\"@id\":\"https:\/\/sim-b.fr\/index.php\/materiels\/#primaryimage\",\"inLanguage\":\"fr-FR\",\"url\":\"https:\/\/sim-b.fr\/wp-content\/uploads\/2020\/11\/Image19.png\",\"width\":283,\"height\":359},{\"@type\":\"WebPage\",\"@id\":\"https:\/\/sim-b.fr\/index.php\/materiels\/#webpage\",\"url\":\"https:\/\/sim-b.fr\/index.php\/materiels\/\",\"name\":\"Mat\\u00e9riels - SIM-B\",\"isPartOf\":{\"@id\":\"https:\/\/sim-b.fr\/#website\"},\"primaryImageOfPage\":{\"@id\":\"https:\/\/sim-b.fr\/index.php\/materiels\/#primaryimage\"},\"datePublished\":\"2020-11-27T13:47:20+00:00\",\"dateModified\":\"2020-11-27T15:37:28+00:00\",\"breadcrumb\":{\"@id\":\"https:\/\/sim-b.fr\/index.php\/materiels\/#breadcrumb\"},\"inLanguage\":\"fr-FR\",\"potentialAction\":[{\"@type\":\"ReadAction\",\"target\":[\"https:\/\/sim-b.fr\/index.php\/materiels\/\"]}]},{\"@type\":\"BreadcrumbList\",\"@id\":\"https:\/\/sim-b.fr\/index.php\/materiels\/#breadcrumb\",\"itemListElement\":[{\"@type\":\"ListItem\",\"position\":1,\"item\":{\"@type\":\"WebPage\",\"@id\":\"https:\/\/sim-b.fr\/\",\"url\":\"https:\/\/sim-b.fr\/\",\"name\":\"Accueil\"}},{\"@type\":\"ListItem\",\"position\":2,\"item\":{\"@type\":\"WebPage\",\"@id\":\"https:\/\/sim-b.fr\/index.php\/materiels\/\",\"url\":\"https:\/\/sim-b.fr\/index.php\/materiels\/\",\"name\":\"Mat\\u00e9riels\"}}]}]}<\/script>\n<!-- \/ Yoast SEO plugin. -->","_links":{"self":[{"href":"https:\/\/sim-b.fr\/index.php\/wp-json\/wp\/v2\/pages\/396"}],"collection":[{"href":"https:\/\/sim-b.fr\/index.php\/wp-json\/wp\/v2\/pages"}],"about":[{"href":"https:\/\/sim-b.fr\/index.php\/wp-json\/wp\/v2\/types\/page"}],"author":[{"embeddable":true,"href":"https:\/\/sim-b.fr\/index.php\/wp-json\/wp\/v2\/users\/1"}],"replies":[{"embeddable":true,"href":"https:\/\/sim-b.fr\/index.php\/wp-json\/wp\/v2\/comments?post=396"}],"version-history":[{"count":18,"href":"https:\/\/sim-b.fr\/index.php\/wp-json\/wp\/v2\/pages\/396\/revisions"}],"predecessor-version":[{"id":433,"href":"https:\/\/sim-b.fr\/index.php\/wp-json\/wp\/v2\/pages\/396\/revisions\/433"}],"wp:attachment":[{"href":"https:\/\/sim-b.fr\/index.php\/wp-json\/wp\/v2\/media?parent=396"}],"curies":[{"name":"wp","href":"https:\/\/api.w.org\/{rel}","templated":true}]}}